 by l.
4
Let a = -53 - -13. Let n = -23 - a. What is the remainder when n is divided by 7?
3
Let n = -1 + 14. Let q = n - -28. What is the remainder when q is divided by 14?
13
Suppose -p + 4*z + 24 = -7, -4*z = 8. Calculate the remainder when 67 is divided by p.
21
Let b = -5 + 11. What is the remainder when 21 is divided by b?
3
Calculate the remainder when 1*21*8/12 is divided by 5.
4
Calculate the remainder when 42 is divided by 30/9*18/4.
12
Suppose -3*t - 2*t + 60 = 0. Let y = -5 + t. What is the remainder when 16/6*27/6 is divided by y?
5
Suppose 3*k - 5*i - 3 - 6 = 0, -2*i = 6. Let n be 62*5/(-4)*k. Suppose -5*p + n = h, -6*p + 5*h + 125 = -p. What is the remainder when p is divided by 16?
14
Let q(t) = t**3 + 4*t**2 + 2*t + 3. Let k be 3/(-6)*(1 + -11). Let y(g) = g**3 - 6*g**2 + 6*g + 5. Calculate the remainder when y(k) is divided by q(-3).
4
Let i = -346 + 231. Let c = -69 - i. Suppose 5*d = 45 + 35. What is the remainder when c is divided by d?
14
Let k(y) = y + 9. Let q be k(-9). Let l = q + 0. Suppose 0 = -l*c - 4*c + 44. Calculate the remainder when c is divided by 6.
5
What is the remainder when 20 is divided by (-1)/1 - ((-6)/3 + -2)?
2
Let b(k) = 9*k**3 + k**2 - k + 1. Let w be b(1). Suppose 0 = -2*n + w + 6. What is the remainder when n is divided by 3?
2
Let f = 7 + -5. Let i(g) = -4*g**2 - g**2 + f*g + 6*g**2. Calculate the remainder when 43 is divided by i(-5).
13
Let r(g) = g - 5*g + 4*g + 5 + g. Calculate the remainder when 2 is divided by r(-3).
0
Suppose t - 44 + 8 = -4*j, 3*t - 5*j - 57 = 0. Suppose 3*y = y + t. What is the remainder when 21 is divided by y?
9
Suppose -5*n = 5, 2*a - 40 = a + 4*n. Let h = 2 - -3. Suppose 32 = 2*f - 3*y, 7*f - 2*f - 85 = h*y. What is the remainder when a is divided by f?
17
Suppose 70*y = 81*y - 341. Let v(m) = -3*m - 2. What is the remainder when y is divided by v(-6)?
15
Suppose i + 3 - 8 = y, -5*i - 10 = 2*y. Let m(v) = i*v + 0*v - 3*v - 3. Calculate the remainder when 5 is divided by m(-2).
2
Let h = -65 - -151. Let a = 1123 + -1101. Calculate the remainder when h is divided by a.
20
Suppose 5*f = 4*h + 39, h = f + 2*h - 15. Calculate the remainder when 63/2 + (-1)/(-2) is divided by f.
10
Let z be ((-1192)/(-4))/(3 - 1). Suppose 4*m - z = 87. What is the remainder when m is divided by 20?
19
Suppose -6*l = -117 + 33. Calculate the remainder when 53 is divided by l.
11
Let v = 2 + 0. Suppose -2*b - b - r - 8 = 0, -8 = -v*r. Calculate the remainder when 22 is divided by (-16)/6*18/b.
10
Suppose -4*j + 45 + 31 = 0. Calculate the remainder when j is divided by 5.
4
Suppose a + 3*a + 47 = 3*p, 3*p = -a + 7. Let m = a - -64. Suppose -15 = -2*b + 23. What is the remainder when m is divided by b?
18
Suppose 0*g = 3*p - g - 14, 5*g - 50 = -5*p. Calculate the remainder when 21 is divided by p.
3
Suppose -3*u = 3*b - 78, 5*u = -31 + 6. Let h = 17 - 1. Calculate the remainder when b is divided by h.
15
Suppose -19*s + 126 = -17*s. Calculate the remainder when s is divided by 32.
31
What is the remainder when (-2)/(-11) + 174/11 is divided by 10?
6
Let x = 4 - -1. Let o(u) = u**2 + 3*u - 2. Let r be o(2). Let n = r - 6. What is the remainder when x is divided by n?
1
Suppose 4*m + d = 4 - 1, -3*m - 4*d = 1. Suppose k = 8 - m. Let z(s) = s**3 - 7*s**2 + s - 5. What is the remainder when 6 is divided by z(k)?
0
Let b be (0 + -1)/(-3)*30. Suppose -3*x + x = -b. Calculate the remainder when x is divided by 3 - (0 + 0 + 0).
2
Suppose -4*z = -z - 2*c - 103, 3*c = 3*z - 108. What is the remainder when z is divided by 8?
7
Suppose -4*g = -4*u - 144, 5*g + 3*u - 226 + 70 = 0. Calculate the remainder when g is divided by 6.
3
Let k be 2/2*26/2. Let g = k + -7. What is the remainder when (g/2)/3 + 3 is divided by 3?
1
Suppose 0 = 3*k - 9, -2*f = 3*f - 4*k - 8. Suppose 32 = 3*y - 5*j, -y + 5 + f = -2*j. What is the remainder when 35 is divided by y?
16
Let c(x) = x**2 - 12*x + 6. Let g be c(7). Let n = -15 - g. Suppose 4*q - q - 2*y = 34, -2*q - 5*y = 9. Calculate the remainder when n is divided by q.
6
Suppose -4*j - 3*x + 62 = -x, -4*j - 4*x = -60. Suppose -4*d - 40 = -2*t, -2*t = -7*t + d + 82. Calculate the remainder when j is divided by (t + 2)/2*1.
7
Suppose -12 = -4*t, 0 = r + t - 2 - 4. Calculate the remainder when (r + (-3)/(-12))*4 is divided by 7.
6
Let c = 13 - 17. What is the remainder when 8/4*(-122)/c is divided by 21?
19
Let k(q) = q**3 + 8*q**2 + 7*q + 10. Let l be k(-7). Let w = -5 + l. Calculate the remainder when ((-56)/(6/3))/(-2) is divided by w.
4
Suppose 2*i + 4 = -5*r, i + 4*i + 4*r - 7 = 0. Suppose 3*j = 2*j + 2. Calculate the remainder when i is divided by j.
1
Let d = 8 + -3. Let t be 1*(0 + 37)*1. Suppose -4*w + t = b, -119 = -d*b + 2*w - 44. What is the remainder when b is divided by 9?
8
Let k be (-18)/(-5) - (-12)/30. Suppose k*i + 0 = 8. Calculate the remainder when i is divided by 2.
0
Let a be 1*5/(15/9). Suppose 2*s - 2*l = 3*l + 49, 3*s - a*l - 60 = 0. What is the remainder when 33 is divided by s?
16
Let o = -13 - -23. Suppose 4*y - o = -y. Suppose -h - y*h = -4*z + 24, h + 13 = 3*z. What is the remainder when 4 is divided by z?
1
Suppose -m = 3*m. Suppose m*i + i - 2 = 0. Suppose 0 = 2*j + i*q - 6, 0*q - 18 = -2*j + 4*q. Calculate the remainder when j is divided by 3.
2
Let i be 4/(3 + (-4 - -2)). Suppose -12 = 2*z - i*z. Calculate the remainder when z is divided by 3.
0
Suppose 5*q + 10 = 165. Let h = -23 - -40. What is the remainder when q is divided by h?
14
Let u be (-1 - (-3 + 3))*31. Let c = -20 - u. Suppose -30 = -8*t + 3*t. Calculate the remainder when c is divided by t.
5
Let z(b) = -b**3 - 8*b**2 - 2*b - 2. Suppose -7 + 2 = 5*v. Calculate the remainder when z(-8) is divided by 0 + (-8)/(1/v).
6
Suppose -5*l = 2 - 12. What is the remainder when 5 is divided by l?
1
Let g(n) = 4*n - 14. What is the remainder when 35 is divided by g(8)?
17
Suppose -223*o = -224*o + 20. Calculate the remainder when 34 is divided by o.
14
Suppose 3 = 2*u + u, -5*a - u = -71. Suppose 0 = g - 42 - 59. Let v = g - 61. What is the remainder when v is divided by a?
12
Let a be 22 + (-2 + 3 - 4). Suppose -2*m = -45 - a. Let z = -16 + m. What is the remainder when z is divided by 6?
4
Let l(z) = 9*z + 76. Calculate the remainder when 80 is divided by l(-6).
14
Let z(g) = -g**2 - 2*g - 1. Let w be z(-5). Let f = -8 - w. Let s = 11 - f. Calculate the remainder when 8 is divided by s.
2
Let b(f) = f + 6. Let h(l) = l**3 + 12*l**2 + 10*l - 11. Let w be h(-11). What is the remainder when 22 is divided by b(w)?
4
Suppose -3*l + 215 = 2*l. Suppose -10*n = -4*n - 42. Suppose -g = 4, 2*o + n = -3*g + l. Calculate the remainder when 46 is divided by o.
22
Let x(u) = u**3 + u**2 - 5*u - 3. Let s be x(-3). What is the remainder when 9 is divided by (-64)/(-10) - s/(-15)?
3
Suppose -3*y + 19 = 13. What is the remainder when 2 is divided by y?
0
Let w = -11 - -81. What is the remainder when w is divided by 24?
22
Let k(t) = t**2 - 6*t - 16. What is the remainder when k(10) is divided by 9?
6
What is the remainder when 123 is divided by (-2)/16 - 498/(-16)?
30
Suppose 2*k - 42 = -5*w + 41, 0 = -5*w - 4*k + 81. Let o be 1*(1 - 3) + -5. Calculate the remainder when w is divided by 2/o + 130/14.
8
Let s(a) be the second derivative of a**3 + 2*a**2 + 7*a. Suppose 4*t + t - 20 = 0. Calculate the remainder when s(t) is divided by 10.
8
Let z = 10 + -4. Suppose -4*u + z = 2. What is the remainder when 3 is divided by u?
0
Suppose 0*c + 3*c - 27 = 0. Let p(z) = 2*z**2 - 4*z. Calculate the remainder when p(4) is divided by c.
7
Let r = 2 - 0. Suppose 0 = t + 2*h - 18, 0*h - 2*h = 3*t - 54. Suppose -54 = -r*q - t. What is the remainder when q is divided by 10?
8
Suppose -4*o + 27 = -25. Calculate the remainder when 50 is divided by o.
11
Suppose -16 = -5*x + 4. Suppose 36 = 4*l + 4*m, 4*m - 41 = l - 6*l. What is the remainder when (-26)/x*(-10)/5 is divided by l?
3
Suppose 27 = 5*i + 4*u - 93, 65 = 3*i + u. Suppose 5 + 4 = 3*w. Suppose w*j = 4*j - 11. Calculate the remainder when i is divided by j.
9
Let b(a) = a**2 + 4*a + 3. Let o be b(-3). What is the remainder when (0 - -72)*8/16 is divided by (o - -18) + (1 - 0)?
17
Let n = 34 + -20. What is the remainder when 39 is divided by n?
11
Let c = -1 + 3.